{"id":14859,"date":"2020-10-11T12:23:03","date_gmt":"2020-10-11T10:23:03","guid":{"rendered":"http:\/\/projecteingenu.com\/wordpress\/?page_id=14859"},"modified":"2021-05-20T14:46:23","modified_gmt":"2021-05-20T12:46:23","slug":"projecte-ingenu-es","status":"publish","type":"page","link":"https:\/\/projecteingenu.com\/wordpress\/es\/projecte-ingenu-es\/","title":{"rendered":"Projecte Ingenu"},"content":{"rendered":"<p>[vc_row][vc_column]\n\t\t\t<!-- START Projecte Ingenu REVOLUTION SLIDER 6.1.3 --><p class=\"rs-p-wp-fix\"><\/p>\n\t\t\t<rs-module-wrap id=\"rev_slider_4_1_wrapper\" data-source=\"gallery\" style=\"background:transparent;padding:0;\">\n\t\t\t\t<rs-module id=\"rev_slider_4_1\" style=\"display:none;\" data-version=\"6.1.3\">\n\t\t\t\t\t<rs-slides>\n\t\t\t\t\t\t<rs-slide data-key=\"rs-4\" data-title=\"Slide\"data-sba=\"b:true;\" data-anim=\"ei:d;eo:d;s:1000;r:0;t:fade;sl:0;\">\n\t\t\t\t\t\t\t<img src=\"\/\/projecteingenu.com\/wordpress\/wp-content\/uploads\/2020\/05\/projecteingenu.jpg\" title=\"Projecte Ingenu\" width=\"2560\" height=\"1873\" data-parallax=\"2\" class=\"rev-slidebg\" data-no-retina>\n<!--\n\t\t\t\t\t\t\t--><rs-layer\n\t\t\t\t\t\t\t\tid=\"slider-4-slide-4-layer-0\" \n\t\t\t\t\t\t\t\tdata-type=\"text\"\n\t\t\t\t\t\t\t\tdata-color=\"#ffffff\"\n\t\t\t\t\t\t\t\tdata-rsp_ch=\"on\"\n\t\t\t\t\t\t\t\tdata-xy=\"x:c;y:c;\"\n\t\t\t\t\t\t\t\tdata-text=\"w:normal;s:120;l:100;ls:2px;fw:700;a:center;\"\n\t\t\t\t\t\t\t\tdata-frame_1=\"e:Power4.easeInOut;st:300;sp:1500;\"\n\t\t\t\t\t\t\t\tdata-frame_999=\"o:0;st:w;\"\n\t\t\t\t\t\t\t\tstyle=\"z-index:10;font-family:Roboto Condensed;text-transform:uppercase;\"\n\t\t\t\t\t\t\t>Projecte<br \/>Ingenu \n\t\t\t\t\t\t\t<\/rs-layer><!--\n\n\t\t\t\t\t\t\t--><rs-layer\n\t\t\t\t\t\t\t\tid=\"slider-4-slide-4-layer-2\" \n\t\t\t\t\t\t\t\tclass=\"rev-scroll-btn rev-b-span-light\"\n\t\t\t\t\t\t\t\tdata-type=\"button\"\n\t\t\t\t\t\t\t\tdata-color=\"#ffffff\"\n\t\t\t\t\t\t\t\tdata-xy=\"x:c;y:b;yo:30px;\"\n\t\t\t\t\t\t\t\tdata-text=\"w:normal;s:17;l:19;ls:1;\"\n\t\t\t\t\t\t\t\tdata-dim=\"w:33;h:53;minw:33;minh:53;\"\n\t\t\t\t\t\t\t\tdata-actions='o:click;a:scrollbelow;sp:1000ms;e:Power1.easeInOut;'\n\t\t\t\t\t\t\t\tdata-rsp_bd=\"off\"\n\t\t\t\t\t\t\t\tdata-padding=\"t:21;r:14;b:21;l:14;\"\n\t\t\t\t\t\t\t\tdata-border=\"bos:solid;boc:rgba(255,255,255,0.75);bow:3px,3px,3px,3px;bor:23px,23px,23px,23px;\"\n\t\t\t\t\t\t\t\tdata-frame_1=\"st:2000;sp:800;\"\n\t\t\t\t\t\t\t\tdata-frame_999=\"o:0;st:w;\"\n\t\t\t\t\t\t\t\tstyle=\"z-index:11;font-family:Roboto;text-transform:uppercase;\"\n\t\t\t\t\t\t\t><span><\/span><span><\/span><span><\/span> \n\t\t\t\t\t\t\t<\/rs-layer><!--\n\n\t\t\t\t\t\t\t--><rs-layer\n\t\t\t\t\t\t\t\tid=\"slider-4-slide-4-layer-3\" \n\t\t\t\t\t\t\t\tdata-type=\"shape\"\n\t\t\t\t\t\t\t\tdata-rsp_ch=\"on\"\n\t\t\t\t\t\t\t\tdata-xy=\"x:c;y:c;yo:48px;\"\n\t\t\t\t\t\t\t\tdata-text=\"w:normal;\"\n\t\t\t\t\t\t\t\tdata-dim=\"w:541px;h:36px;\"\n\t\t\t\t\t\t\t\tdata-frame_0=\"x:-50;\"\n\t\t\t\t\t\t\t\tdata-frame_1=\"st:1000;sp:1000;\"\n\t\t\t\t\t\t\t\tdata-frame_999=\"o:0;st:w;\"\n\t\t\t\t\t\t\t\tstyle=\"z-index:8;background-color:#e03160;font-family:Roboto;\"\n\t\t\t\t\t\t\t> \n\t\t\t\t\t\t\t<\/rs-layer><!--\n\n\t\t\t\t\t\t\t--><rs-layer\n\t\t\t\t\t\t\t\tid=\"slider-4-slide-4-layer-4\" \n\t\t\t\t\t\t\t\tdata-type=\"shape\"\n\t\t\t\t\t\t\t\tdata-rsp_ch=\"on\"\n\t\t\t\t\t\t\t\tdata-xy=\"x:c;y:c;yo:-52px;\"\n\t\t\t\t\t\t\t\tdata-text=\"w:normal;\"\n\t\t\t\t\t\t\t\tdata-dim=\"w:669px;h:36px;\"\n\t\t\t\t\t\t\t\tdata-frame_0=\"x:-50;\"\n\t\t\t\t\t\t\t\tdata-frame_1=\"st:1000;sp:1000;\"\n\t\t\t\t\t\t\t\tdata-frame_999=\"o:0;st:w;\"\n\t\t\t\t\t\t\t\tstyle=\"z-index:9;background-color:#e03160;font-family:Roboto;\"\n\t\t\t\t\t\t\t> \n\t\t\t\t\t\t\t<\/rs-layer><!--\n-->\t\t\t\t\t\t<\/rs-slide>\n\t\t\t\t\t<\/rs-slides>\n\t\t\t\t\t<rs-progress class=\"rs-bottom\" style=\"visibility: hidden !important;\"><\/rs-progress>\n\t\t\t\t<\/rs-module>\n\t\t\t\t<script type=\"text\/javascript\">\n\t\t\t\t\tsetREVStartSize({c: 'rev_slider_4_1',rl:[1240,1024,778,480],el:[900],gw:[1240],gh:[900],layout:'fullscreen',offsetContainer:'',offset:'',mh:\"0\"});\n\t\t\t\t\tvar\trevapi4,\n\t\t\t\t\t\ttpj;\n\t\t\t\t\tjQuery(function() {\n\t\t\t\t\t\ttpj = jQuery;\n\t\t\t\t\t\tif(tpj(\"#rev_slider_4_1\").revolution == undefined){\n\t\t\t\t\t\t\trevslider_showDoubleJqueryError(\"#rev_slider_4_1\");\n\t\t\t\t\t\t}else{\n\t\t\t\t\t\t\trevapi4 = tpj(\"#rev_slider_4_1\").show().revolution({\n\t\t\t\t\t\t\t\tsliderType:\"hero\",\n\t\t\t\t\t\t\t\tjsFileLocation:\"\/\/projecteingenu.com\/wordpress\/wp-content\/plugins\/revslider\/public\/assets\/js\/\",\n\t\t\t\t\t\t\t\tsliderLayout:\"fullscreen\",\n\t\t\t\t\t\t\t\tvisibilityLevels:\"1240,1024,778,480\",\n\t\t\t\t\t\t\t\tgridwidth:1240,\n\t\t\t\t\t\t\t\tgridheight:900,\n\t\t\t\t\t\t\t\tminHeight:\"\",\n\t\t\t\t\t\t\t\teditorheight:\"900,768,960,720\",\n\t\t\t\t\t\t\t\tresponsiveLevels:\"1240,1024,778,480\",\n\t\t\t\t\t\t\t\tdisableProgressBar:\"on\",\n\t\t\t\t\t\t\t\tnavigation: {\n\t\t\t\t\t\t\t\t\tonHoverStop:false\n\t\t\t\t\t\t\t\t},\n\t\t\t\t\t\t\t\tparallax: {\n\t\t\t\t\t\t\t\t\tlevels:[5,10,15,20,25,30,35,40,45,46,47,48,49,50,51,30],\n\t\t\t\t\t\t\t\t\ttype:\"scroll\",\n\t\t\t\t\t\t\t\t\torigo:\"slideCenter\",\n\t\t\t\t\t\t\t\t\tspeed:0\n\t\t\t\t\t\t\t\t},\n\t\t\t\t\t\t\t\tscrolleffect: {\n\t\t\t\t\t\t\t\t\tset:true,\n\t\t\t\t\t\t\t\t\tmultiplicator:1.3,\n\t\t\t\t\t\t\t\t\tmultiplicator_layers:1.3,\n\t\t\t\t\t\t\t\t\tmobile:true\n\t\t\t\t\t\t\t\t},\n\t\t\t\t\t\t\t\tfallbacks: {\n\t\t\t\t\t\t\t\t\tallowHTML5AutoPlayOnAndroid:true\n\t\t\t\t\t\t\t\t},\n\t\t\t\t\t\t\t});\n\t\t\t\t\t\t}\n\t\t\t\t\t\t\n\t\t\t\t\t});\n\t\t\t\t<\/script>\n\t\t\t<\/rs-module-wrap>\n\t\t\t<!-- END REVOLUTION SLIDER -->\n[vc_column_text css=&#8221;.vc_custom_1589624088690{padding-top: 20px !important;padding-bottom: 20px !important;background-color: #e03160 !important;}&#8221;]<\/p>\n<h3 style=\"text-align: center; color: #fff; text-transform: uppercase; letter-spacing: 0.03em; margin: 0px !important;\">Slowtheatre<\/h3>\n<p>[\/vc_column_text][vc_column_text el_class=&#8221;subtitol&#8221;]<\/p>\n<h4>Living arts for a humane world<\/h4>\n<p>[\/vc_column_text][vc_empty_space height=&#8221;60px&#8221;][vc_column_text el_class=&#8221;amplada-reduida&#8221; css=&#8221;.vc_custom_1602414340250{padding-top: 60px !important;padding-bottom: 80px !important;}&#8221;]<\/p>\n<h3 style=\"text-transform: uppercase; color: #e03160; letter-spacing: 0.03em; text-align: center; font-size: 44px; line-height: 1em;\">Construimos atm\u00f3sferas esc\u00e9nicas a trav\u00e9s del canto, el cuerpo y la tecnolog\u00eda.<\/h3>\n<p style=\"text-align: center; font-size: 28px; line-height: 1.1em; font-weight: bold;\"><em>Slowtheatre<\/em> es nuestra metodolog\u00eda de creaci\u00f3n, basada en procesos largos que nos permiten incorporar el entorno, la actualidad y las propias vivencias a los espect\u00e1culos. Evolucionar. Mutar. Trascender.<\/p>\n<p style=\"text-align: center; font-size: 28px; line-height: 1.1em; font-weight: bold;\">Entendemos el teatro como la \u00fanica herramienta capaz de prefigurar nuevas formas de relaci\u00f3n humana: desaprender para aprender.<\/p>\n<p>[\/vc_column_text][vc_empty_space height=&#8221;80px&#8221;]<div class=\"eltdf-parallax-holder eltdf-vertical-middle-align eltdf-disabled-parallax-on-touch\" data-parallax-speed=\"2\" style=\"background-image: url(https:\/\/projecteingenu.com\/wordpress\/wp-content\/uploads\/2020\/05\/ladonapantera-scaled.jpg);min-height: 600px;height: 600px\">\n\t<div class=\"eltdf-parallax-inner\">\n\t\t\t<\/div>\n<\/div>\n[vc_empty_space height=&#8221;20px&#8221;][vc_raw_html css=&#8221;.vc_custom_1602414416232{padding-top: 40px !important;}&#8221;]JTNDZGl2JTIwc3R5bGUlM0QlMjJib3JkZXIlM0ElMjAxcHglMjBzb2xpZCUyMCUyM2UwMzE2MCUzQiUyMHdpZHRoJTNBJTIwMTAwJTI1JTNCJTIwbWF4LXdpZHRoJTNBJTIwOTIwcHglM0IlMjBtYXJnaW4lM0ElMjBhdXRvJTNCJTIyJTNFJTBBJTNDZGl2JTIwc3R5bGUlM0QlMjJwYWRkaW5nJTNBJTIwMjBweCUzQiUyMiUzRSUwQSUzQ2g0JTIwc3R5bGUlM0QlMjJtYXJnaW4tdG9wJTNBJTIwMHB4JTIwJTIxaW1wb3J0YW50JTNCJTIwY29sb3IlM0ElMjAlMjNlMDMxNjAlM0IlMjBmb250LXNpemUlM0ElMjAzMHB4JTNCJTIwbGV0dGVyLXNwYWNpbmclM0ElMjAwLjAzZW0lM0IlMjIlM0VJbmdlbnVvJTIwLW51YSUzQyUyRmg0JTNFJTBBJTNDZGl2JTNFJTNDaDYlMjBzdHlsZSUzRCUyMmxldHRlci1zcGFjaW5nJTNBMC4xNWVtJTNCJTIwbWFyZ2luJTNBJTIwNHB4JTIwMCUzQiUyMGZsb2F0JTNBJTIwbGVmdCUzQiUyMGNvbG9yJTNBJTIwJTIzZTAzMTYwJTNCJTIwZm9udC1zaXplJTNBJTIwMTZweCUzQiUyMGxpbmUtaGVpZ2h0JTNBJTIwMTZweCUzQiUyMiUzRTElMjBhZGouJTIwJTVCRFIlNUQlM0MlMkZoNiUzRSUzQ3NwYW4lMjBzdHlsZSUzRCUyMmNvbG9yJTNBJTIwJTIzZmZmJTNCJTIwZm9udC1zaXplJTNBJTIwMThweCUzQiUyMiUzRSUyNm5ic3AlM0IlMjZuYnNwJTNCJTI2bmJzcCUzQk5hY2lkbyUyMGxpYnJlLiUzQyUyRnNwYW4lM0UlM0MlMkZkaXYlM0UlMEElM0NkaXYlM0UlM0NoNiUyMHN0eWxlJTNEJTIybGV0dGVyLXNwYWNpbmclM0EwLjE1ZW0lM0IlMjBtYXJnaW4lM0ElMjA0cHglMjAwJTNCJTIwZmxvYXQlM0ElMjBsZWZ0JTNCJTIwY29sb3IlM0ElMjAlMjNlMDMxNjAlM0IlMjBmb250LXNpemUlM0ElMjAxNnB4JTNCJTIwbGluZS1oZWlnaHQlM0ElMjAxNnB4JTNCJTIyJTNFMiUyMGFkai4lMjAlNUJMQyU1RCUzQyUyRmg2JTNFJTNDc3BhbiUyMHN0eWxlJTNEJTIyY29sb3IlM0ElMjAlMjNmZmYlM0IlMjBmb250LXNpemUlM0ElMjAxOHB4JTNCJTIyJTNFJTI2bmJzcCUzQiUyNm5ic3AlM0IlMjZuYnNwJTNCU2luJTIwZGlzaW11bG8lMkMlMjBkZSUyMHVuYSUyMGZyYW5xdWV6YSUyMGlub2NlbnRlLiUzQyUyRnNwYW4lM0UlM0MlMkZkaXYlM0UlMEElM0MlMkZkaXYlM0UlMEElM0MlMkZkaXYlM0U=[\/vc_raw_html][vc_column_text el_class=&#8221;amplada-reduida&#8221;]<\/p>\n<p style=\"font-size: 18px;\">El 2013 comenzamos a trabajar como un grupo de entrenamiento e investigaci\u00f3n actoral regular que hab\u00eda detectado la necesidad de impedir que s\u00f3lo el \u201cmercado\u201d gobernara nuestras carreras art\u00edsticas. Nac\u00edamos como colectivo con la voluntad de compaginar el trabajo profesional con la evoluci\u00f3n personal y la investigaci\u00f3n permanente de un modelo posible de actor contempor\u00e1neo.<\/p>\n<p style=\"font-size: 18px;\">Comenzamos a utilizar el concepto <em>slowtheatre<\/em>\u00a0para definirnos. El movimiento <em>Slow<\/em> pretende abordar el problema de la \u00abfalta de tiempo\u00bb a trav\u00e9s de establecer conexiones con lo humano; como colectivo, nuestra investigaci\u00f3n est\u00e1 orientada a generar vivencias que nos devuelvan a la dimensi\u00f3n humana, que pongan \u00e9nfasis en las relaciones humanas y el tempo natural de \u00e9stas.<\/p>\n<p style=\"font-size: 18px;\">La pretensi\u00f3n es construir un espacio de \u00abreposo\u00bb, donde la prisa por resolver una situaci\u00f3n no sea un criterio v\u00e1lido. As\u00ed pues, iniciamos la producci\u00f3n <em>slow<\/em> de <strong>espect\u00e1culos<\/strong> manteni\u00e9ndonos al margen del <em>tempo<\/em> est\u00e1ndar de producci\u00f3n, mientras reformul\u00e1bamos la manera de seguir el <strong>entrenamiento actoral<\/strong> y las <strong>actividades comunitarias<\/strong>.<\/p>\n<p>[\/vc_column_text][vc_column_text css=&#8221;.vc_custom_1621512207585{padding-top: 20px !important;padding-bottom: 20px !important;background-color: #e03160 !important;}&#8221;]<\/p>\n<h4 style=\"text-align: center; color: #fff; text-transform: uppercase; letter-spacing: 0.03em; margin: 0px !important;\">Projecte Ingenu es compa\u00f1\u00eda residente en la<\/h4>\n<p><img decoding=\"async\" loading=\"lazy\" class=\" wp-image-15525 aligncenter\" src=\"http:\/\/projecteingenu.com\/wordpress\/wp-content\/uploads\/2021\/05\/ivanow_blanc-1024x238.png\" alt=\"\" width=\"255\" height=\"59\" srcset=\"https:\/\/projecteingenu.com\/wordpress\/wp-content\/uploads\/2021\/05\/ivanow_blanc-1024x238.png 1024w, https:\/\/projecteingenu.com\/wordpress\/wp-content\/uploads\/2021\/05\/ivanow_blanc-300x70.png 300w, https:\/\/projecteingenu.com\/wordpress\/wp-content\/uploads\/2021\/05\/ivanow_blanc-768x179.png 768w, https:\/\/projecteingenu.com\/wordpress\/wp-content\/uploads\/2021\/05\/ivanow_blanc-1536x357.png 1536w\" sizes=\"(max-width: 255px) 100vw, 255px\" \/>[\/vc_column_text]<div class=\"eltdf-parallax-holder eltdf-vertical-middle-align eltdf-disabled-parallax-on-touch\" data-parallax-speed=\"2\" style=\"background-image: url(https:\/\/projecteingenu.com\/wordpress\/wp-content\/uploads\/2021\/05\/Co\u0300pia-de-t_ingenu_068_parallax.jpg);min-height: 600px;height: 600px\">\n\t<div class=\"eltdf-parallax-inner\">\n\t\t\t<\/div>\n<\/div>\n[vc_column_text el_class=&#8221;subtitol&#8221;]<img decoding=\"async\" loading=\"lazy\" class=\" wp-image-15516 aligncenter\" src=\"http:\/\/projecteingenu.com\/wordpress\/wp-content\/uploads\/2021\/05\/ICEC-negre-crop.png\" alt=\"\" width=\"358\" height=\"34\" srcset=\"https:\/\/projecteingenu.com\/wordpress\/wp-content\/uploads\/2021\/05\/ICEC-negre-crop.png 942w, https:\/\/projecteingenu.com\/wordpress\/wp-content\/uploads\/2021\/05\/ICEC-negre-crop-300x29.png 300w, https:\/\/projecteingenu.com\/wordpress\/wp-content\/uploads\/2021\/05\/ICEC-negre-crop-768x73.png 768w\" sizes=\"(max-width: 358px) 100vw, 358px\" \/>[\/vc_column_text][vc_column_text el_class=&#8221;amplada-reduida&#8221;]<div role=\"form\" class=\"wpcf7\" id=\"wpcf7-f14891-o1\" lang=\"en-US\" dir=\"ltr\">\n<div class=\"screen-reader-response\"><p role=\"status\" aria-live=\"polite\" aria-atomic=\"true\"><\/p> <ul><\/ul><\/div>\n<form action=\"\/wordpress\/wp-json\/wp\/v2\/pages\/14859#wpcf7-f14891-o1\" method=\"post\" class=\"wpcf7-form init\" novalidate=\"novalidate\" data-status=\"init\">\n<div style=\"display: none;\">\n<input type=\"hidden\" name=\"_wpcf7\" value=\"14891\" \/>\n<input type=\"hidden\" name=\"_wpcf7_version\" value=\"5.6.4\" \/>\n<input type=\"hidden\" name=\"_wpcf7_locale\" value=\"en_US\" \/>\n<input type=\"hidden\" name=\"_wpcf7_unit_tag\" value=\"wpcf7-f14891-o1\" \/>\n<input type=\"hidden\" name=\"_wpcf7_container_post\" value=\"0\" \/>\n<input type=\"hidden\" name=\"_wpcf7_posted_data_hash\" value=\"\" \/>\n<\/div>\n<div class= \"eltdf-grid-row\">\n<div class= \"eltdf-grid-col-6\">\n              <span class=\"wpcf7-form-control-wrap\" data-name=\"first-name\"><input type=\"text\" name=\"first-name\" value=\"\" size=\"40\" class=\"wpcf7-form-control wpcf7-text wpcf7-validates-as-required\" aria-required=\"true\" aria-invalid=\"false\" placeholder=\"Nombre\" \/><\/span>\n     <\/div>\n<div class= \"eltdf-grid-col-6\">\n              <span class=\"wpcf7-form-control-wrap\" data-name=\"last-name\"><input type=\"text\" name=\"last-name\" value=\"\" size=\"40\" class=\"wpcf7-form-control wpcf7-text wpcf7-validates-as-required\" aria-required=\"true\" aria-invalid=\"false\" placeholder=\"Apellidos\" \/><\/span>\n     <\/div>\n<\/div>\n<div class= \"eltdf-grid-row\">\n<div class =\"eltdf-grid-col-12\">\n              <span class=\"wpcf7-form-control-wrap\" data-name=\"e-mail\"><input type=\"email\" name=\"e-mail\" value=\"\" size=\"40\" class=\"wpcf7-form-control wpcf7-text wpcf7-email wpcf7-validates-as-required wpcf7-validates-as-email\" aria-required=\"true\" aria-invalid=\"false\" placeholder=\"E-mail\" \/><\/span>\n     <\/div>\n<\/div>\n<div class= \"eltdf-grid-row\">\n<div class= \"eltdf-grid-col-12\">\n              <span class=\"wpcf7-form-control-wrap\" data-name=\"your-message\"><textarea name=\"your-message\" cols=\"40\" rows=\"10\" class=\"wpcf7-form-control wpcf7-textarea\" aria-invalid=\"false\" placeholder=\"Tu mensaje\"><\/textarea><\/span>\n     <\/div>\n<\/div>\n<div class= \"eltdf-grid-row\">\n<div class= \"eltdf-grid-col-4\">\n     <\/div>\n<div class= \"eltdf-grid-col-4\">\n              <input type=\"submit\" value=\"Enviar\" class=\"wpcf7-form-control has-spinner wpcf7-submit\" \/>\n     <\/div>\n<div class= \"eltdf-grid-col-4\">\n     <\/div>\n<\/div>\n<div class=\"wpcf7-response-output\" aria-hidden=\"true\"><\/div><\/form><\/div>[\/vc_column_text][\/vc_column][\/vc_row]<\/p>\n","protected":false},"excerpt":{"rendered":"<p>[vc_row][vc_column][vc_column_text css=&#8221;.vc_custom_1589624088690{padding-top: 20px !important;padding-bottom: 20px !important;background-color: #e03160 !important;}&#8221;] Slowtheatre [\/vc_column_text][vc_column_text el_class=&#8221;subtitol&#8221;] Living arts for a humane world [\/vc_column_text][vc_empty_space height=&#8221;60px&#8221;][vc_column_text el_class=&#8221;amplada-reduida&#8221; css=&#8221;.vc_custom_1602414340250{padding-top: 60px !important;padding-bottom: 80px !important;}&#8221;] Construimos atm\u00f3sferas esc\u00e9nicas a trav\u00e9s del canto, el cuerpo y la tecnolog\u00eda. Slowtheatre es nuestra [&hellip;]<\/p>\n","protected":false},"author":1,"featured_media":0,"parent":0,"menu_order":0,"comment_status":"closed","ping_status":"closed","template":"full-width.php","meta":[],"acf":[],"_links":{"self":[{"href":"https:\/\/projecteingenu.com\/wordpress\/wp-json\/wp\/v2\/pages\/14859"}],"collection":[{"href":"https:\/\/projecteingenu.com\/wordpress\/wp-json\/wp\/v2\/pages"}],"about":[{"href":"https:\/\/projecteingenu.com\/wordpress\/wp-json\/wp\/v2\/types\/page"}],"author":[{"embeddable":true,"href":"https:\/\/projecteingenu.com\/wordpress\/wp-json\/wp\/v2\/users\/1"}],"replies":[{"embeddable":true,"href":"https:\/\/projecteingenu.com\/wordpress\/wp-json\/wp\/v2\/comments?post=14859"}],"version-history":[{"count":9,"href":"https:\/\/projecteingenu.com\/wordpress\/wp-json\/wp\/v2\/pages\/14859\/revisions"}],"predecessor-version":[{"id":15530,"href":"https:\/\/projecteingenu.com\/wordpress\/wp-json\/wp\/v2\/pages\/14859\/revisions\/15530"}],"wp:attachment":[{"href":"https:\/\/projecteingenu.com\/wordpress\/wp-json\/wp\/v2\/media?parent=14859"}],"curies":[{"name":"wp","href":"https:\/\/api.w.org\/{rel}","templated":true}]}}